{"id":4,"date":"2022-05-18T14:42:31","date_gmt":"2022-05-18T14:42:31","guid":{"rendered":"https:\/\/marketcloud.it\/?page_id=4"},"modified":"2022-05-18T14:42:31","modified_gmt":"2022-05-18T14:42:31","slug":"privacy-policy","status":"publish","type":"page","link":"https:\/\/marketcloud.it\/?page_id=4","title":{"rendered":"Privacy Policy"},"content":{"rendered":"<header class=\"entry-header\">\n<h1 class=\"entry-title\">Privacy<\/h1>\n<\/header>\n<div class=\"entry-content\">\n<p><strong>Privacy<\/strong><br \/>\n<strong>Disclaimer<\/strong><br \/>\nQuesto sito non costituisce testata giornalistica e non ha carattere periodico essendo aggiornato secondo la disponibilit\u00e0 e la reperibilit\u00e0 dei materiali. Pertanto non pu\u00f2 essere considerato in alcun modo un prodotto editoriale ai sensi della L. n. 62 del 7\/3\/2001.<\/p>\n<p>E\u2019 vietata la riproduzione intera o parziale degli articoli senza l\u2019 autorizzazione scritta dell\u2019autore.<\/p>\n<p>Tutti i marchi riportati appartengono ai legittimi proprietari; marchi di terzi, nomi di prodotti, nomi commerciali, nomi corporativi e societ\u00e0 citati possono essere marchi di propriet\u00e0 dei rispettivi titolari o marchi registrati d\u2019altre societ\u00e0 e sono stati utilizzati a puro scopo esplicativo ed a beneficio del possessore, senza alcun fine di violazione dei diritti di Copyright vigenti.<\/p>\n<p>Le immagini presenti su questo sito non attribuite al fotografo possessore del copyright, sono prese da Internet e dunque valutate di pubblico dominio. I soggetti o gli autori contrari alla pubblicazione sul nostro sito ce lo segnali e provvederemo immediatamente alla rimozione delle stesse.<\/p>\n<p>Privacy Policy<br \/>\nQuesta Applicazione utilizza Cookies tecnici, e potrebbe utilizzare Cookie di profilazione di terze parti.<\/p>\n<p>Questa Applicazione potrebbe raccogliere alcuni Dati Personali dei propri Utenti, se indicato in seguito.<\/p>\n<p><strong>Titolare del Trattamento dei Dati<\/strong><\/p>\n<p>SLT Service di Matteo Simioni \u2013 Via L. Barbo, 8 35128 Padova (PD)<\/p>\n<p>P IVA IT04468170289<\/p>\n<p>CF SMNMTT92C23G224S<\/p>\n<p><b>Indirizzo email del Titolare:<\/b>\u00a0info@sltservice.it<\/p>\n<p><strong>Tipologie di Dati raccolti<\/strong><\/p>\n<p>L\u2019eventuale utilizzo di Cookie \u2013 o di altri strumenti di tracciamento \u2013 da parte di questa Applicazione o dei titolari dei servizi terzi utilizzati da questa Applicazione, ove non diversamente precisato, ha la finalit\u00e0 di identificare l\u2019Utente e registrare le relative preferenze per finalit\u00e0 strettamente legate all\u2019erogazione del servizio richiesto dall\u2019Utente.<\/p>\n<p>Il mancato conferimento da parte dell\u2019Utente di alcuni Dati Personali potrebbe impedire a questa Applicazione di erogare i propri servizi.<\/p>\n<p>L\u2019Utente si assume la responsabilit\u00e0 dei Dati Personali di terzi pubblicati o condivisi mediante questa Applicazione e garantisce di avere il diritto di comunicarli o diffonderli, liberando il Titolare da qualsiasi responsabilit\u00e0 verso terzi.<\/p>\n<p><strong>Modalit\u00e0 e luogo del trattamento dei Dati raccolti<\/strong><\/p>\n<p><strong>Modalit\u00e0 di trattamento<\/strong><\/p>\n<p>Il Titolare tratta i Dati Personali degli Utenti adottando le opportune misure di sicurezza volte ad impedire l\u2019accesso, la divulgazione, la modifica o la distruzione non autorizzate dei Dati Personali.<\/p>\n<p>Il trattamento viene effettuato mediante strumenti informatici e\/o telematici, con modalit\u00e0 organizzative e con logiche strettamente correlate alle finalit\u00e0 indicate. Oltre al Titolare, in alcuni casi, potrebbero avere accesso ai Dati categorie di incaricati coinvolti nell\u2019organizzazione del sito (personale amministrativo, commerciale, marketing, legali, amministratori di sistema) ovvero soggetti esterni (come fornitori di servizi tecnici terzi, corrieri postali, hosting provider, societ\u00e0 informatiche, agenzie di comunicazione) nominati anche, se necessario, Responsabili del Trattamento da parte del Titolare. L\u2019elenco aggiornato dei Responsabili potr\u00e0 sempre essere richiesto al Titolare del Trattamento.<\/p>\n<p>Luogo<\/p>\n<p>I Dati sono trattati presso le sedi operative del Titolare ed in ogni altro luogo in cui le parti coinvolte nel trattamento siano localizzate. Per ulteriori informazioni, contatta il Titolare.<\/p>\n<p>Tempi<\/p>\n<p>I Dati sono trattati per il tempo necessario allo svolgimento del servizio richiesto dall\u2019Utente, o richiesto dalle finalit\u00e0 descritte in questo documento, e l\u2019Utente pu\u00f2 sempre chiedere l\u2019interruzione del Trattamento o la cancellazione dei Dati.<\/p>\n<p><strong>Finalit\u00e0 del Trattamento dei Dati raccolti<\/strong><\/p>\n<p>I Dati dell\u2019Utente sono raccolti per consentire al Titolare di fornire i propri servizi, cos\u00ec come per le seguenti finalit\u00e0: Statistica e Interazione con social network e piattaforme esterne.<\/p>\n<p>Le tipologie di Dati Personali utilizzati per ciascuna finalit\u00e0 sono indicati nelle sezioni specifiche di questo documento.<\/p>\n<p><strong>Dettagli sul trattamento dei Dati Personali<\/strong><br \/>\nStatistica<br \/>\nI servizi contenuti nella presente sezione permettono al Titolare del Trattamento di monitorare e analizzare i dati di traffico e servono a tener traccia del comportamento dell\u2019Utente.<\/p>\n<p>Google Analytics (Google)<\/p>\n<p>Su questa Applicazione Google Analytics potrebbe essere installato. Tuttavia (se installato) \u00e8 utilizzato in forma anonimizzata. Si utilizza il codice con l\u2019aggiunta della riga di codice:<br \/>\nga(\u2018set\u2019, \u2018anonymizeIp\u2019, true);<br \/>\nRiportiamo comunque informazioni aggiuntive su Google Analytics:<br \/>\nGoogle Analytics \u00e8 un servizio di analisi web fornito da Google Inc. (\u201cGoogle\u201d). Google utilizza i Dati Personali raccolti allo scopo di tracciare ed esaminare l\u2019utilizzo di questa Applicazione, compilare report e condividerli con gli altri servizi sviluppati da Google.<\/p>\n<p>Google potrebbe utilizzare i Dati Personali per contestualizzare e personalizzare gli annunci del proprio network pubblicitario.<br \/>\nDati personali raccolti: Cookie e Dati di utilizzo.<br \/>\nLuogo del trattamento : USA \u2013 Privacy Policy \u2013 Opt Out<\/p>\n<p>Informazioni sui Cookie<br \/>\nCookie del browser:<\/p>\n<p>I cookie sono porzioni di informazioni che il sito Web inserisce nel tuo dispositivo di navigazione quando visiti una pagina. Possono comportare la trasmissione di informazioni tra il sito Web e il tuo dispositivo, e tra quest\u2019ultimo e altri siti che operano per conto nostro o in privato, conformemente a quanto stabilito nella rispettiva Informativa sulla privacy. Possiamo utilizzare i cookie per riunire le informazioni che raccogliamo su di te. Puoi decidere di ricevere un avviso ogni volta che viene inviato un cookie o di disabilitare tutti i cookie modificando le impostazioni del browser. Disabilitando i cookie, tuttavia, alcuni dei nostri servizi potrebbero non funzionare correttamente e non potrai accedere a numerose funzionalit\u00e0 pensate per ottimizzare la tua esperienza di navigazione nel sito. Per maggiori informazioni sulla gestione o la disabilitazione dei cookie del browser, consulta l\u2019ultima sezione della presente Politica sui cookie.<\/p>\n<p>Utilizziamo varie tipologie di cookie con funzioni diverse.<\/p>\n<p>1. Cookie strettamente necessari (cookie tecnici)<\/p>\n<p>Questi cookie sono fondamentali per poter navigare sul sito Web e utilizzare alcune funzionalit\u00e0.<\/p>\n<p>Non \u00e8 necessario fornire il consenso per i cookie strettamente necessari, poich\u00e9 sono indispensabili per assicurarti i servizi richiesti.<\/p>\n<p>2. Cookie per le prestazioni (cookie analytics)<\/p>\n<p>\u00c8 possibile che da parte nostra (o dei i fornitori di servizi che operano per nostro conto) vengano inseriti dei cookie per le prestazioni nel tuo dispositivo di navigazione. Le informazioni raccolte mediante i cookie per le prestazioni sono utilizzate esclusivamente da noi o nel nostro interesse.<\/p>\n<p>I cookie per le prestazioni raccolgono informazioni anonime relative al modo in cui gli utenti utilizzano il sito Web e le sue varie funzionalit\u00e0. Ad esempio, per tracciare i percorsi di navigazione all\u2019interno del sito web con Google Analytics.<\/p>\n<p>Per eliminare o gestire i cookie per le prestazioni, consultare l\u2019ultima sezione della presente Politica sui cookie.<\/p>\n<p>3. Cookie per funzionalit\u00e0 (cookie di profilazione)<\/p>\n<p>\u00c8 possibile che da parte nostra (o dei i fornitori di servizi che operano per nostro conto) vengano inseriti dei cookie per funzionalit\u00e0 nel tuo dispositivo di navigazione. Non condividiamo le informazioni raccolte mediante i cookie per funzionalit\u00e0 con i nostri inserzionisti n\u00e9 con terzi.<\/p>\n<p>Eliminando i cookie per funzionalit\u00e0, le preferenze o le impostazioni selezionate non verranno memorizzate per visite future.<\/p>\n<p>4. Cookie promozionali o di targeting<\/p>\n<p>Pubblicit\u00e0 mirata gestita da terze parti<\/p>\n<p>I cookie di pubblicit\u00e0 mirata gestita da terze parti possono essere memorizzati sul dispositivo dell\u2019utente da inserzionisti terze parti, reti pubblicitarie, servizi di scambio dati e analisi di marketing e altri fornitori di servizi.<\/p>\n<p>I cookie per la pubblicit\u00e0 mirata gestita da terze parti raccolgono informazioni sulla navigazione dell\u2019utente sui vari siti web e sui servizi online al fine di visualizzare inserzioni pertinenti sui siti web e sui servizi online nostri e di terze parti. Le reti pubblicitarie possono condividere queste informazioni con gli inserzionisti utilizzando la loro rete. Le informazioni raccolte utilizzando questi cookie per la pubblicit\u00e0 mirata gestita da terze parti non identificano personalmente l\u2019utente.<\/p>\n<p>Inoltre, ci riserviamo il diritto di utilizzare cookie o altre tecnologie di tracciabilit\u00e0 all\u2019interno delle comunicazioni che ricevi da noi (ad esempio, per sapere se queste sono state lette o aperte o per rilevare con quali contenuti hai interagito e quali collegamenti hai aperto), in modo da rendere le comunicazioni future pi\u00f9 rispondenti ai tuoi interessi.<\/p>\n<p>Se non desideri pi\u00f9 ricevere comunicazioni mirate, puoi fare clic sul collegamento per l\u2019annullamento dell\u2019iscrizione, disponibile nelle nostre comunicazioni.<\/p>\n<p>Abilitazione\/disabilitazione di cookie tramite il browser<\/p>\n<p>Esistono diversi modi per gestire i cookie e altre tecnologie di tracciabilit\u00e0. Modificando le impostazioni del browser, puoi accettare o rifiutare i cookie o decidere di ricevere un messaggio di avviso prima di accettare un cookie dai siti Web visitati. Ti ricordiamo che disabilitando completamente i cookie nel browser potresti non essere in grado di utilizzare tutte le nostre funzionalit\u00e0 interattive.<\/p>\n<p>Se utilizzi pi\u00f9 computer in postazioni diverse, assicurati che ogni browser sia impostato in modo da soddisfare le tue preferenze.<\/p>\n<p>Puoi eliminare tutti i cookie installati nella cartella dei cookie del tuo browser. Ciascun browser presenta procedure diverse per la gestione delle impostazioni. Fai clic su uno dei collegamenti sottostanti per ottenere istruzioni specifiche.<\/p>\n<p>Microsoft Windows Explorer<\/p>\n<p>Google Chrome<\/p>\n<p>Mozilla Firefox<\/p>\n<p>Apple Safari<\/p>\n<p>Se non utilizzi nessuno dei browser sopra elencati, seleziona \u201ccookie\u201d nella relativa sezione della guida per scoprire dove si trova la tua cartella dei cookie.<\/p>\n<p>Eliminazione dei cookie Flash<\/p>\n<p>Fai clic sul collegamento qui di seguito per modificare le tue impostazioni relative ai cookie Flash.<\/p>\n<p>Disabilitazione dei cookie Flash<\/p>\n<p>Ulteriori informazioni sul trattamento<br \/>\nDifesa in giudizio<\/p>\n<p>I Dati Personali dell\u2019Utente possono essere utilizzati per la difesa da parte del Titolare in giudizio o nelle fasi propedeutiche alla sua eventuale instaurazione, da abusi nell\u2019utilizzo della stessa o dei servizi connessi da parte dell\u2019Utente.<\/p>\n<p>L\u2019Utente dichiara di essere consapevole che il Titolare potrebbe essere richiesto di rivelare i Dati su richiesta delle pubbliche autorit\u00e0.<\/p>\n<p>Informative specifiche<\/p>\n<p>Su richiesta dell\u2019Utente, in aggiunta alle informazioni contenute in questa privacy policy, questa Applicazione potrebbe fornire all\u2019Utente delle informative aggiuntive e contestuali riguardanti servizi specifici, o la raccolta ed il trattamento di Dati Personali.<\/p>\n<p>Log di sistema e manutenzione<\/p>\n<p>Per necessit\u00e0 legate al funzionamento ed alla manutenzione, questa Applicazione e gli eventuali servizi terzi da essa utilizzati potrebbero raccogliere Log di sistema, ossia file che registrano le interazioni e che possono contenere anche Dati Personali, quali l\u2019indirizzo IP Utente.<\/p>\n<p>Informazioni non contenute in questa policy<\/p>\n<p>Maggiori informazioni in relazione al trattamento dei Dati Personali potranno essere richieste in qualsiasi momento al Titolare del Trattamento utilizzando le informazioni di contatto.<\/p>\n<p>Esercizio dei diritti da parte degli Utenti<\/p>\n<p>I soggetti cui si riferiscono i Dati Personali hanno il diritto in qualunque momento di ottenere la conferma dell\u2019esistenza o meno degli stessi presso il Titolare del Trattamento, di conoscerne il contenuto e l\u2019origine, di verificarne l\u2019esattezza o chiederne l\u2019integrazione, la cancellazione, l\u2019aggiornamento, la rettifica, la trasformazione in forma anonima o il blocco dei Dati Personali trattati in violazione di legge, nonch\u00e9 di opporsi in ogni caso, per motivi legittimi, al loro trattamento. Le richieste vanno rivolte al Titolare del Trattamento.<\/p>\n<p>Questa Applicazione non supporta le richieste \u201cDo Not Track\u201d. Per conoscere se gli eventuali servizi di terze parti utilizzati le supportano, consulta le loro privacy policy.<\/p>\n<p>Modifiche a questa privacy policy<\/p>\n<p>Il Titolare del Trattamento si riserva il diritto di apportare modifiche alla presente privacy policy in qualunque momento dandone pubblicit\u00e0 agli Utenti su questa pagina. Si prega dunque di consultare spesso questa pagina, prendendo come riferimento la data di ultima modifica indicata in fondo. Nel caso di mancata accettazione delle modifiche apportate alla presente privacy policy, l\u2019Utente \u00e8 tenuto a cessare l\u2019utilizzo di questa Applicazione e pu\u00f2 richiedere al Titolare del Trattamento di rimuovere i propri Dati Personali. Salvo quanto diversamente specificato, la precedente privacy policy continuer\u00e0 ad applicarsi ai Dati Personali sino a quel momento raccolti.<\/p>\n<p>Informazioni su questa privacy policy<\/p>\n<p>Il Titolare del Trattamento dei Dati \u00e8 responsabile per questa privacy policy, redatta partendo da moduli predisposti da Iubenda e conservati sui suoi server.<\/p>\n<p>Definizioni e riferimenti legali<\/p>\n<p>Dati Personali (o Dati)<\/p>\n<p>Costituisce dato personale qualunque informazione relativa a persona fisica, identificata o identificabile, anche indirettamente, mediante riferimento a qualsiasi altra informazione, ivi compreso un numero di identificazione personale.<\/p>\n<p>Dati di Utilizzo<\/p>\n<p>Sono i dati personali raccolti in maniera automatica dall\u2019Applicazione (o dalle applicazioni di parti terze che la stessa utilizza), tra i quali: gli indirizzi IP o i nomi a dominio dei computer utilizzati dall\u2019Utente che si connette all\u2019Applicazione, gli indirizzi in notazione URI (Uniform Resource Identifier), l\u2019orario della richiesta, il metodo utilizzato nel sottoporre la richiesta al server, la dimensione del file ottenuto in risposta, il codice numerico indicante lo stato della risposta dal server (buon fine, errore, ecc.) il Paese di provenienza, le caratteristiche del browser e del sistema operativo utilizzati dal visitatore, le varie connotazioni temporali della visita (ad esempio il tempo di permanenza su ciascuna pagina) e i dettagli relativi all\u2019itinerario seguito all\u2019interno dell\u2019Applicazione, con particolare riferimento alla sequenza delle pagine consultate, ai parametri relativi al sistema operativo e all\u2019ambiente informatico dell\u2019Utente.<\/p>\n<p>Utente<\/p>\n<p>L\u2019individuo che utilizza questa Applicazione, che deve coincidere con l\u2019Interessato o essere da questo autorizzato ed i cui Dati Personali sono oggetto del trattamento.<\/p>\n<p>Interessato<\/p>\n<p>La persona fisica o giuridica cui si riferiscono i Dati Personali.<\/p>\n<p>Responsabile del Trattamento (o Responsabile)<\/p>\n<p>La persona fisica, giuridica, la pubblica amministrazione e qualsiasi altro ente, associazione od organismo preposti dal Titolare al trattamento dei Dati Personali, secondo quanto predisposto dalla presente privacy policy.<\/p>\n<p>Titolare del Trattamento (o Titolare)<\/p>\n<p>La persona fisica, giuridica, la pubblica amministrazione e qualsiasi altro ente, associazione od organismo cui competono, anche unitamente ad altro titolare, le decisioni in ordine alle finalit\u00e0, alle modalit\u00e0 del trattamento di dati personali ed agli strumenti utilizzati, ivi compreso il profilo della sicurezza, in relazione al funzionamento e alla fruizione di questa Applicazione. Il Titolare del Trattamento, salvo quanto diversamente specificato, \u00e8 il proprietario di questa Applicazione.<\/p>\n<p>Questa Applicazione<\/p>\n<p>Lo strumento hardware o software mediante il quale sono raccolti i Dati Personali degli Utenti.<\/p>\n<p>Cookie<\/p>\n<p>Piccola porzione di dati conservata all\u2019interno del dispositivo dell\u2019Utente.<\/p>\n<p>Riferimenti legali<\/p>\n<p>Avviso agli Utenti europei: la presente informativa privacy \u00e8 redatta in adempimento degli obblighi previsti dall\u2019Art. 10 della Direttiva n. 95\/46\/CE, nonch\u00e9 a quanto previsto dalla Direttiva 2002\/58\/CE, come aggiornata dalla Direttiva 2009\/136\/CE, in materia di Cookie.<\/p>\n<p>Questa informativa privacy riguarda esclusivamente questa Applicazione.<\/p>\n<p>NOTE LEGALI<br \/>\nQuesto sito non costituisce testata giornalistica e non ha carattere periodico essendo aggiornato secondo la disponibilit\u00e0 e la reperibilit\u00e0 dei materiali. Pertanto non pu\u00f2 essere considerato in alcun modo un prodotto editoriale ai sensi della L. n. 62 del 7\/3\/2001. Tutti i marchi riportati appartengono ai legittimi proprietari; marchi di terzi, nomi di prodotti, nomi commerciali, nomi corporativi e societ\u00e0 citati possono essere marchi di propriet\u00e0 dei rispettivi titolari o marchi registrati d\u2019altre societ\u00e0 e sono stati utilizzati a puro scopo esplicativo ed a beneficio del possessore, senza alcun fine di violazione dei diritti di Copyright vigenti.<\/p>\n<\/div>\n","protected":false},"excerpt":{"rendered":"<p>Privacy Privacy Disclaimer Questo sito non costituisce testata giornalistica e non ha carattere periodico essendo aggiornato secondo la disponibilit\u00e0 e&hellip;<\/p>\n","protected":false},"author":1,"featured_media":0,"parent":0,"menu_order":0,"comment_status":"closed","ping_status":"closed","template":"","meta":{"footnotes":""},"aioseo_notices":[],"_links":{"self":[{"href":"https:\/\/marketcloud.it\/index.php?rest_route=\/wp\/v2\/pages\/4"}],"collection":[{"href":"https:\/\/marketcloud.it\/index.php?rest_route=\/wp\/v2\/pages"}],"about":[{"href":"https:\/\/marketcloud.it\/index.php?rest_route=\/wp\/v2\/types\/page"}],"author":[{"embeddable":true,"href":"https:\/\/marketcloud.it\/index.php?rest_route=\/wp\/v2\/users\/1"}],"replies":[{"embeddable":true,"href":"https:\/\/marketcloud.it\/index.php?rest_route=%2Fwp%2Fv2%2Fcomments&post=4"}],"version-history":[{"count":1,"href":"https:\/\/marketcloud.it\/index.php?rest_route=\/wp\/v2\/pages\/4\/revisions"}],"predecessor-version":[{"id":5,"href":"https:\/\/marketcloud.it\/index.php?rest_route=\/wp\/v2\/pages\/4\/revisions\/5"}],"wp:attachment":[{"href":"https:\/\/marketcloud.it\/index.php?rest_route=%2Fwp%2Fv2%2Fmedia&parent=4"}],"curies":[{"name":"wp","href":"https:\/\/api.w.org\/{rel}","templated":true}]}}